{"id":230,"date":"2020-07-21T23:53:24","date_gmt":"2020-07-21T23:53:24","guid":{"rendered":"https:\/\/alternativafm.com\/site\/?page_id=230"},"modified":"2020-09-09T16:51:51","modified_gmt":"2020-09-09T16:51:51","slug":"tv-norte","status":"publish","type":"page","link":"https:\/\/alternativafm.com\/site\/tv-norte\/","title":{"rendered":"TV NORTE"},"content":{"rendered":"\n<figure class=\"wp-block-image size-large\"><img loading=\"lazy\" decoding=\"async\" width=\"296\" height=\"109\" src=\"https:\/\/alternativafm.com\/site\/wp-content\/uploads\/2020\/08\/image-2.png\" alt=\"\" class=\"wp-image-328\"\/><\/figure>\n\n\n\n<p>Inaugurada em 7 de Outubro de 2005 pela Funda\u00e7\u00e3o Cultural de Janu\u00e1ria, a emissora educativa fortalece a regi\u00e3o do m\u00e9dio S\u00e3o Francisco e acrescenta um conte\u00fado que prop\u00f5e explorar as potencialidades de seu povo. <br>A TV Norte HD \u00e9 o carro chefe das not\u00edcias, cultura, folclore, entretenimento e educa\u00e7\u00e3o. A TV de Janu\u00e1ria \u00e9 comprometida com o desenvolvimento da cidade e da regi\u00e3o.<br>Desde sua instala\u00e7\u00e3o a TV Norte \u00e9 parceira da rede Minas de Televis\u00e3o, R\u00e1dio Alternativa FM e da R\u00e1dio Voz News.<br>As nossas reportagens, disponibilizadas no site tvnortemg.com, alegram e informam os januarenses ausentes em qualquer parte do Mundo.<br>O Jornal Norte Not\u00edcias, \u00e0s 13h00 e 19h00 \u00e9 o carro chefe da TV. Este notici\u00e1rio leva uma vasta\u00a0 programa\u00e7\u00e3o jornal\u00edstica a todas as classes sociais. S\u00e3o reportagens e coment\u00e1rios abordando temas locais, regionais, de Minas e do Brasil. Outros programas comp\u00f5em a nossa programa\u00e7\u00e3o, inclusive as Lives Religiosas e Art\u00edsticas. <br>Al\u00e9m da geradora no centro de Janu\u00e1ria, que atinge tamb\u00e9m Pedras de Maria da Cruz,\u00a0 a TV Norte tamb\u00e9m operar em Digital, canal 7.1. Tamb\u00e9m foi \u00a0contemplada com 11 retransmissora que est\u00e3o sendo instaladas. <br>Este \u00e9 o nosso trabalho, isso \u00e9 a TV NORTE HD, cada dia mais viva, cada dia mais forte.<\/p>\n","protected":false},"excerpt":{"rendered":"<p>Inaugurada em 7 de Outubro de 2005 pela Funda\u00e7\u00e3o Cultural de Janu\u00e1ria, a emissora educativa fortalece a regi\u00e3o do m\u00e9dio S\u00e3o Francisco e acrescenta um conte\u00fado que prop\u00f5e explorar as<\/p>\n","protected":false},"author":1,"featured_media":0,"parent":0,"menu_order":0,"comment_status":"closed","ping_status":"closed","template":"","meta":{"footnotes":""},"class_list":["post-230","page","type-page","status-publish","hentry"],"yoast_head":"<!-- This site is optimized with the Yoast SEO plugin v27.2 - https:\/\/yoast.com\/product\/yoast-seo-wordpress\/ -->\n<title>TV NORTE - Alternativa FM | 90,7 FM<\/title>\n<meta name=\"robots\" content=\"index, follow, max-snippet:-1, max-image-preview:large, max-video-preview:-1\" \/>\n<link rel=\"canonical\" href=\"https:\/\/alternativafm.com\/site\/tv-norte\/\" \/>\n<meta property=\"og:locale\" content=\"pt_BR\" \/>\n<meta property=\"og:type\" content=\"article\" \/>\n<meta property=\"og:title\" content=\"TV NORTE - Alternativa FM | 90,7 FM\" \/>\n<meta property=\"og:description\" content=\"Inaugurada em 7 de Outubro de 2005 pela Funda\u00e7\u00e3o Cultural de Janu\u00e1ria, a emissora educativa fortalece a regi\u00e3o do m\u00e9dio S\u00e3o Francisco e acrescenta um conte\u00fado que prop\u00f5e explorar as\" \/>\n<meta property=\"og:url\" content=\"https:\/\/alternativafm.com\/site\/tv-norte\/\" \/>\n<meta property=\"og:site_name\" content=\"Alternativa FM | 90,7 FM\" \/>\n<meta property=\"article:modified_time\" content=\"2020-09-09T16:51:51+00:00\" \/>\n<meta property=\"og:image\" content=\"https:\/\/alternativafm.com\/site\/wp-content\/uploads\/2020\/08\/image-2.png\" \/>\n<meta name=\"twitter:card\" content=\"summary_large_image\" \/>\n<meta name=\"twitter:label1\" content=\"Est. tempo de leitura\" \/>\n\t<meta name=\"twitter:data1\" content=\"1 minuto\" \/>\n<script type=\"application\/ld+json\" class=\"yoast-schema-graph\">{\"@context\":\"https:\/\/schema.org\",\"@graph\":[{\"@type\":\"WebPage\",\"@id\":\"https:\/\/alternativafm.com\/site\/tv-norte\/\",\"url\":\"https:\/\/alternativafm.com\/site\/tv-norte\/\",\"name\":\"TV NORTE - Alternativa FM | 90,7 FM\",\"isPartOf\":{\"@id\":\"https:\/\/alternativafm.com\/site\/#website\"},\"primaryImageOfPage\":{\"@id\":\"https:\/\/alternativafm.com\/site\/tv-norte\/#primaryimage\"},\"image\":{\"@id\":\"https:\/\/alternativafm.com\/site\/tv-norte\/#primaryimage\"},\"thumbnailUrl\":\"https:\/\/alternativafm.com\/site\/wp-content\/uploads\/2020\/08\/image-2.png\",\"datePublished\":\"2020-07-21T23:53:24+00:00\",\"dateModified\":\"2020-09-09T16:51:51+00:00\",\"breadcrumb\":{\"@id\":\"https:\/\/alternativafm.com\/site\/tv-norte\/#breadcrumb\"},\"inLanguage\":\"pt-BR\",\"potentialAction\":[{\"@type\":\"ReadAction\",\"target\":[\"https:\/\/alternativafm.com\/site\/tv-norte\/\"]}]},{\"@type\":\"ImageObject\",\"inLanguage\":\"pt-BR\",\"@id\":\"https:\/\/alternativafm.com\/site\/tv-norte\/#primaryimage\",\"url\":\"https:\/\/alternativafm.com\/site\/wp-content\/uploads\/2020\/08\/image-2.png\",\"contentUrl\":\"https:\/\/alternativafm.com\/site\/wp-content\/uploads\/2020\/08\/image-2.png\",\"width\":296,\"height\":109},{\"@type\":\"BreadcrumbList\",\"@id\":\"https:\/\/alternativafm.com\/site\/tv-norte\/#breadcrumb\",\"itemListElement\":[{\"@type\":\"ListItem\",\"position\":1,\"name\":\"In\u00edcio\",\"item\":\"https:\/\/alternativafm.com\/site\/\"},{\"@type\":\"ListItem\",\"position\":2,\"name\":\"TV NORTE\"}]},{\"@type\":\"WebSite\",\"@id\":\"https:\/\/alternativafm.com\/site\/#website\",\"url\":\"https:\/\/alternativafm.com\/site\/\",\"name\":\"Alternativa FM | 90,7 FM\",\"description\":\"\",\"publisher\":{\"@id\":\"https:\/\/alternativafm.com\/site\/#organization\"},\"potentialAction\":[{\"@type\":\"SearchAction\",\"target\":{\"@type\":\"EntryPoint\",\"urlTemplate\":\"https:\/\/alternativafm.com\/site\/?s={search_term_string}\"},\"query-input\":{\"@type\":\"PropertyValueSpecification\",\"valueRequired\":true,\"valueName\":\"search_term_string\"}}],\"inLanguage\":\"pt-BR\"},{\"@type\":\"Organization\",\"@id\":\"https:\/\/alternativafm.com\/site\/#organization\",\"name\":\"Alternativa FM | 90,7 FM\",\"url\":\"https:\/\/alternativafm.com\/site\/\",\"logo\":{\"@type\":\"ImageObject\",\"inLanguage\":\"pt-BR\",\"@id\":\"https:\/\/alternativafm.com\/site\/#\/schema\/logo\/image\/\",\"url\":\"https:\/\/alternativafm.com\/site\/wp-content\/uploads\/2020\/07\/LOGOMARCA2.png\",\"contentUrl\":\"https:\/\/alternativafm.com\/site\/wp-content\/uploads\/2020\/07\/LOGOMARCA2.png\",\"width\":1352,\"height\":464,\"caption\":\"Alternativa FM | 90,7 FM\"},\"image\":{\"@id\":\"https:\/\/alternativafm.com\/site\/#\/schema\/logo\/image\/\"}}]}<\/script>\n<!-- \/ Yoast SEO plugin. -->","yoast_head_json":{"title":"TV NORTE - Alternativa FM | 90,7 FM","robots":{"index":"index","follow":"follow","max-snippet":"max-snippet:-1","max-image-preview":"max-image-preview:large","max-video-preview":"max-video-preview:-1"},"canonical":"https:\/\/alternativafm.com\/site\/tv-norte\/","og_locale":"pt_BR","og_type":"article","og_title":"TV NORTE - Alternativa FM | 90,7 FM","og_description":"Inaugurada em 7 de Outubro de 2005 pela Funda\u00e7\u00e3o Cultural de Janu\u00e1ria, a emissora educativa fortalece a regi\u00e3o do m\u00e9dio S\u00e3o Francisco e acrescenta um conte\u00fado que prop\u00f5e explorar as","og_url":"https:\/\/alternativafm.com\/site\/tv-norte\/","og_site_name":"Alternativa FM | 90,7 FM","article_modified_time":"2020-09-09T16:51:51+00:00","og_image":[{"url":"https:\/\/alternativafm.com\/site\/wp-content\/uploads\/2020\/08\/image-2.png","type":"","width":"","height":""}],"twitter_card":"summary_large_image","twitter_misc":{"Est. tempo de leitura":"1 minuto"},"schema":{"@context":"https:\/\/schema.org","@graph":[{"@type":"WebPage","@id":"https:\/\/alternativafm.com\/site\/tv-norte\/","url":"https:\/\/alternativafm.com\/site\/tv-norte\/","name":"TV NORTE - Alternativa FM | 90,7 FM","isPartOf":{"@id":"https:\/\/alternativafm.com\/site\/#website"},"primaryImageOfPage":{"@id":"https:\/\/alternativafm.com\/site\/tv-norte\/#primaryimage"},"image":{"@id":"https:\/\/alternativafm.com\/site\/tv-norte\/#primaryimage"},"thumbnailUrl":"https:\/\/alternativafm.com\/site\/wp-content\/uploads\/2020\/08\/image-2.png","datePublished":"2020-07-21T23:53:24+00:00","dateModified":"2020-09-09T16:51:51+00:00","breadcrumb":{"@id":"https:\/\/alternativafm.com\/site\/tv-norte\/#breadcrumb"},"inLanguage":"pt-BR","potentialAction":[{"@type":"ReadAction","target":["https:\/\/alternativafm.com\/site\/tv-norte\/"]}]},{"@type":"ImageObject","inLanguage":"pt-BR","@id":"https:\/\/alternativafm.com\/site\/tv-norte\/#primaryimage","url":"https:\/\/alternativafm.com\/site\/wp-content\/uploads\/2020\/08\/image-2.png","contentUrl":"https:\/\/alternativafm.com\/site\/wp-content\/uploads\/2020\/08\/image-2.png","width":296,"height":109},{"@type":"BreadcrumbList","@id":"https:\/\/alternativafm.com\/site\/tv-norte\/#breadcrumb","itemListElement":[{"@type":"ListItem","position":1,"name":"In\u00edcio","item":"https:\/\/alternativafm.com\/site\/"},{"@type":"ListItem","position":2,"name":"TV NORTE"}]},{"@type":"WebSite","@id":"https:\/\/alternativafm.com\/site\/#website","url":"https:\/\/alternativafm.com\/site\/","name":"Alternativa FM | 90,7 FM","description":"","publisher":{"@id":"https:\/\/alternativafm.com\/site\/#organization"},"potentialAction":[{"@type":"SearchAction","target":{"@type":"EntryPoint","urlTemplate":"https:\/\/alternativafm.com\/site\/?s={search_term_string}"},"query-input":{"@type":"PropertyValueSpecification","valueRequired":true,"valueName":"search_term_string"}}],"inLanguage":"pt-BR"},{"@type":"Organization","@id":"https:\/\/alternativafm.com\/site\/#organization","name":"Alternativa FM | 90,7 FM","url":"https:\/\/alternativafm.com\/site\/","logo":{"@type":"ImageObject","inLanguage":"pt-BR","@id":"https:\/\/alternativafm.com\/site\/#\/schema\/logo\/image\/","url":"https:\/\/alternativafm.com\/site\/wp-content\/uploads\/2020\/07\/LOGOMARCA2.png","contentUrl":"https:\/\/alternativafm.com\/site\/wp-content\/uploads\/2020\/07\/LOGOMARCA2.png","width":1352,"height":464,"caption":"Alternativa FM | 90,7 FM"},"image":{"@id":"https:\/\/alternativafm.com\/site\/#\/schema\/logo\/image\/"}}]}},"jetpack_shortlink":"https:\/\/wp.me\/PccBN3-3I","jetpack-related-posts":[{"id":489,"url":"https:\/\/alternativafm.com\/site\/tv-norte-play\/","url_meta":{"origin":230,"position":0},"title":"TV Norte Play","author":"redacao","date":"agosto 18, 2020","format":false,"excerpt":"Norte Not\u00edcias Segunda-feira https:\/\/youtube.com\/live\/cFW6gKvRF9g Norte Not\u00edcias Ter\u00e7a-feira https:\/\/youtube.com\/live\/G6_Xp3l8srI Norte Not\u00edcias quarta-feira https:\/\/youtube.com\/live\/dRjvO3YvMGQ Norte not\u00edcias quinta-feira https:\/\/youtube.com\/live\/O-okKxXNQxM Norte not\u00edcias sexta-feira https:\/\/youtube.com\/live\/swXPaG_itpA","rel":"","context":"Post similar","block_context":{"text":"Post similar","link":""},"img":{"alt_text":"","src":"https:\/\/i0.wp.com\/img.youtube.com\/vi\/\/0.jpg?resize=350%2C200","width":350,"height":200},"classes":[]},{"id":240,"url":"https:\/\/alternativafm.com\/site\/radio-alternativa-fm\/","url_meta":{"origin":230,"position":1},"title":"R\u00c1DIO ALTERNATIVA FM","author":"redacao","date":"julho 21, 2020","format":false,"excerpt":"Uma r\u00e1dio com abrang\u00eancia regional, com a maior cobertura do Norte de Minas (20 Mil Watts de Pot\u00eancia). Assim \u00e9 a Alternativa FM.Inaugurada em 1992, a 90,7 traz muita m\u00fasica e informa\u00e7\u00e3o de interesse local e regional.Campe\u00e3 em audi\u00eancia em todas as pesquisas, nossa emissora concentra sua aten\u00e7\u00e3o na qualidade,\u2026","rel":"","context":"Post similar","block_context":{"text":"Post similar","link":""},"img":{"alt_text":"","src":"https:\/\/i0.wp.com\/alternativafm.com\/site\/wp-content\/uploads\/2020\/08\/image-1.png?resize=350%2C200&ssl=1","width":350,"height":200},"classes":[]},{"id":238,"url":"https:\/\/alternativafm.com\/site\/radio-voz-news\/","url_meta":{"origin":230,"position":2},"title":"R\u00c1DIO VOZ NEWS","author":"redacao","date":"julho 21, 2020","format":false,"excerpt":"Pioneira do Vale do S\u00e3o Francisco, inaugurada em 1988, a R\u00e1dio Voz AM, agora Voz News se inova, recicla e tamb\u00e9m marca sua presen\u00e7a principalmente na informa\u00e7\u00e3o, na not\u00edcia, no debate, nas transmiss\u00f5es ao vivo de \u00a0eventos institucionais, esportivos, culturais, Lives musicais e religiosas. A R\u00e1dio Voz do S\u00e3o Francisco,\u2026","rel":"","context":"Post similar","block_context":{"text":"Post similar","link":""},"img":{"alt_text":"","src":"https:\/\/i0.wp.com\/alternativafm.com\/site\/wp-content\/uploads\/2020\/08\/image.png?resize=350%2C200&ssl=1","width":350,"height":200},"classes":[]},{"id":141,"url":"https:\/\/alternativafm.com\/site\/fale-conosco\/","url_meta":{"origin":230,"position":3},"title":"FALE CONOSCO","author":"redacao","date":"junho 27, 2020","format":false,"excerpt":"Tv. Dona Santinha, 20 \u2013 CentroJanu\u00e1ria - MGCEP:- 39.480-000 Zap Comercial: 38 9827-0116 Tel fixo: 38 3621 -1856Email comercial:- comercialalternativa@gmail.com","rel":"","context":"Post similar","block_context":{"text":"Post similar","link":""},"img":{"alt_text":"","src":"","width":0,"height":0},"classes":[]},{"id":487,"url":"https:\/\/alternativafm.com\/site\/lives\/","url_meta":{"origin":230,"position":4},"title":"Lives","author":"redacao","date":"agosto 18, 2020","format":false,"excerpt":"Live Ordem de Servi\u00e7o da revitaliza\u00e7\u00e3o da Pr. Arthur Bernardes e Largo An\u00e9sio Ant\u00e3o Ferreira https:\/\/www.youtube.com\/live\/7EjO_eJ7sfU?feature=share Live Educa\u00e7\u00e3o em Foco - Prefeitura de Janu\u00e1ria https:\/\/www.youtube.com\/live\/jFev5kAaLe8?feature=share Live Solid\u00e1ria Farm\u00e1cia S\u00e3o Lucas https:\/\/www.youtube.com\/embed\/beii6DEqvDI https:\/\/www.youtube.com\/embed\/5Oti1xCmavA Encontro Motociclistas de Janu\u00e1ria 2023 https:\/\/www.youtube.com\/embed\/Gn1EJolNhhU Paix\u00e3o de Cristo. Brejo do Amparo 2023 https:\/\/www.youtube.com\/embed\/rlh_kQPBZ6k Live Carnaval de Janu\u00e1ria\u2026","rel":"","context":"Post similar","block_context":{"text":"Post similar","link":""},"img":{"alt_text":"","src":"https:\/\/i0.wp.com\/img.youtube.com\/vi\/\/0.jpg?resize=350%2C200","width":350,"height":200},"classes":[]}],"jetpack_sharing_enabled":true,"jetpack_likes_enabled":true,"_links":{"self":[{"href":"https:\/\/alternativafm.com\/site\/wp-json\/wp\/v2\/pages\/230","targetHints":{"allow":["GET"]}}],"collection":[{"href":"https:\/\/alternativafm.com\/site\/wp-json\/wp\/v2\/pages"}],"about":[{"href":"https:\/\/alternativafm.com\/site\/wp-json\/wp\/v2\/types\/page"}],"author":[{"embeddable":true,"href":"https:\/\/alternativafm.com\/site\/wp-json\/wp\/v2\/users\/1"}],"replies":[{"embeddable":true,"href":"https:\/\/alternativafm.com\/site\/wp-json\/wp\/v2\/comments?post=230"}],"version-history":[{"count":2,"href":"https:\/\/alternativafm.com\/site\/wp-json\/wp\/v2\/pages\/230\/revisions"}],"predecessor-version":[{"id":329,"href":"https:\/\/alternativafm.com\/site\/wp-json\/wp\/v2\/pages\/230\/revisions\/329"}],"wp:attachment":[{"href":"https:\/\/alternativafm.com\/site\/wp-json\/wp\/v2\/media?parent=230"}],"curies":[{"name":"wp","href":"https:\/\/api.w.org\/{rel}","templated":true}]}}